 is j(-4)?
-22
Let f(n) = -n**2 - 4*n + 5. What is f(-6)?
-7
Let i(g) = 2*g**3 + 13*g**2 + 10*g + 4. Calculate i(-6).
-20
Let c(j) = -153*j + 1228. Calculate c(8).
4
Let u(c) = 19*c + 216. What is u(-11)?
7
Let z(b) = b - 4. Determine z(0).
-4
Let b(l) = l - 10. Determine b(5).
-5
Let y(l) = -8*l - 37. Determine y(-4).
-5
Let j(k) = -k**2 + 29*k + 70. Determine j(32).
-26
Let d(t) = -3*t + 12. Calculate d(5).
-3
Let j(c) = -c - 43. What is j(15)?
-58
Let a(p) = p**3 + 25*p**2 + 26*p + 53. What is a(-24)?
5
Let u(t) = -3*t**2 + 2*t - 5. Give u(-4).
-61
Let s(a) = a**2 + 7*a - 22. Determine s(-10).
8
Let j(a) = -a**3 + 12*a**2 + 17*a - 28. Give j(12).
176
Let t(x) = x**2 + 20*x + 89. Determine t(-14).
5
Let i(m) = -m**2 - 16*m - 18. Determine i(-15).
-3
Let r(i) = i**2 - 21*i - 18. Determine r(22).
4
Let n(x) = x**3 + 11*x**2 + 14*x + 1. Determine n(-10).
-39
Let o(n) = -n**3 + 6*n**2 - 6*n + 11. Determine o(5).
6
Let r(d) = -d**3 + 9*d**2 - 3*d - 8. Calculate r(8).
32
Let m(y) = y**2 + y + 2. Give m(-4).
14
Let s(t) = 4*t + 1. Calculate s(-3).
-11
Let g(h) = -4*h + 27. Determine g(7).
-1
Let v(q) = 5*q + 17. Give v(-2).
7
Let s(l) = -l**3 + 8*l**2 + 36*l - 33. What is s(11)?
0
Let f(s) = -s**3 + 2*s**2 + s + 1. What is f(3)?
-5
Let x(f) = f**3 + 9*f**2 + 2*f + 18. Determine x(-9).
0
Let f(h) = h - 71. Determine f(76).
5
Let j(o) = -o**2 - 4*o + 2. Give j(-6).
-10
Let y(z) = -z**3 + 4*z**2 - 36*z + 147. Give y(4).
3
Let u(y) = y**3 + 11*y**2 - 7*y + 5. Give u(-12).
-55
Let d(l) = l**3 - 7*l**2 + 10*l - 15. What is d(6)?
9
Let n(f) = f**2 + 8*f - 6. Calculate n(-9).
3
Let i(w) = -4*w - 52. Calculate i(-11).
-8
Let p(c) = -6*c - 69. What is p(-6)?
-33
Let b(z) = z - 8. Calculate b(-9).
-17
Let j(a) = a**2 + 4*a. Give j(-4).
0
Let t(f) = -f**2 + 11*f - 5. Calculate t(9).
13
Let g(z) = -z**2 - 3*z + 13. Calculate g(-7).
-15
Let b(q) = 7*q + 33. Calculate b(-4).
5
Let k(j) = -j**3 - 2*j**2 + 2*j - 4. What is k(-4)?
20
Let q(d) = d**3 - d + 6. Determine q(0).
6
Let t(p) = -p**2 - p - 4. Calculate t(-3).
-10
Let z(c) = -c**3 + 56*c**2 - 110*c + 106. Calculate z(54).
-2
Let k(y) = -y - 7. Calculate k(-6).
-1
Let z(b) = b**3 - b**2 - b + 4. Give z(0).
4
Let o(r) = r**2 - 22*r - 16. Calculate o(22).
-16
Let w(h) = h + 3. What is w(-1)?
2
Let k(x) = -x**2 - 3*x + 8. Determine k(-6).
-10
Let f(v) = v**3 + 7*v**2 + 6*v - 2. Give f(-5).
18
Let h(y) = -5*y - 36. What is h(-6)?
-6
Let x(m) = -5*m - 52. Give x(-8).
-12
Let i(o) = 8*o + 17. Give i(-2).
1
Let z(q) = -q + 9. Calculate z(2).
7
Let v(z) = -8*z + 67. What is v(9)?
-5
Let c(w) = 2*w**3 - 2*w**2 - 2*w. What is c(2)?
4
Let q(s) = 39*s**3 + s. Determine q(-1).
-40
Let x(l) = 3*l - 25. Calculate x(3).
-16
Let g(u) = 2*u**3 - 11*u**2 + 2*u. Give g(2).
-24
Let j(a) = -32*a - 95. Give j(-3).
1
Let i(x) = 13*x + 2. Calculate i(-1).
-11
Let r(k) = -2*k**3 - 14*k**2 + 18. Calculate r(-7).
18
Let s(v) = v**3 + 16*v**2 + v + 17. Calculate s(-16).
1
Let m(x) = x**3 + 8*x**2 - 8*x - 13. What is m(-9)?
-22
Let t(j) = 3*j - 14. What is t(4)?
-2
Let s(g) = g - 3. What is s(17)?
14
Let s(k) = k**3 + 7*k**2 + 6*k + 3. What is s(-6)?
3
Let p(d) = d**3 - 23*d**2 + 61*d - 22. What is p(20)?
-2
Let x(g) = 2*g**2 + 2*g. What is x(-3)?
12
Let w(q) = 82*q. What is w(-1)?
-82
Let b(p) = p**2 + p + 11. Determine b(0).
11
Let p(v) = -v**3 - 2*v**2 - 5*v - 1. Calculate p(-3).
23
Let x(p) = 8*p + 19. What is x(-6)?
-29
Let w(j) = -j**2 - 12*j + 107. Give w(-18).
-1
Let a(u) = -u**3 + u - 38. Give a(0).
-38
Let l(i) = i**3 + 23*i**2 + 43*i + 20. Calculate l(-21).
-1
Let v(l) = 5*l**3 - 90*l**2 + 3*l - 36. Give v(18).
18
Let n(d) = -d**2 + 14*d + 270. What is n(25)?
-5
Let f(m) = 5*m + 19. What is f(-7)?
-16
Let p(q) = 8*q - 3. Determine p(3).
21
Let h(w) = -w**3 - 8*w**2 + 2*w + 7. Give h(-6).
-77
Let t(f) = f**3 + 12*f**2 + 4*f - 7. Give t(-12).
-55
Let h(x) = x**2 + 3*x - 1. Calculate h(-5).
9
Let a(v) = 9*v + 238. Determine a(-27).
-5
Let o(s) = -s**3 + 10*s**2 - 18*s + 2. Give o(8).
-14
Let j(k) = -k**2 + 26*k + 75. What is j(29)?
-12
Let c(p) = -p**2 + 18*p - 13. Give c(17).
4
Let z(a) = a**2 + 13*a + 31. Give z(-8).
-9
Let p(d) = 20*d + 1. Calculate p(1).
21
Let h(m) = m**2 + 3*m - 37. Calculate h(7).
33
Let p(i) = -i**3 + 8*i**2 + 7*i + 4. Determine p(9).
-14
Let a(u) = -2*u**3 - 24*u**2 + 2*u + 28. Give a(-12).
4
Let g(r) = -r**3 - 14*r**2 - r - 19. Give g(-14).
-5
Let l(z) = -z**2 - 11*z + 13. Give l(-11).
13
Let b(d) = -d**3 - 10*d**2 + 10*d - 16. What is b(-11)?
-5
Let l(v) = -4*v - 19. Determine l(-6).
5
Let l(n) = -3*n + 84. What is l(29)?
-3
Let i(v) = 2*v**2 - 67*v + 41. Calculate i(33).
8
Let b(p) = -3*p**2 + 28*p - 17. Determine b(9).
-8
Let z(d) = -d**3 + 3*d**2 - 2. What is z(2)?
2
Let j(z) = -2*z - 4. Determine j(-14).
24
Let f(q) = -q**3 - q**2 + 1. Give f(-2).
5
Let h(f) = -f - 3. What is h(-2)?
-1
Let x(u) = 15*u**3 - 2*u**2 + 2*u + 3. Give x(-1).
-16
Let q(i) = 2*i + 29. What is q(-12)?
5
Let k(o) = o**3 + 8*o**2 + 7. Determine k(-8).
7
Let o(w) = w**2 - 22*w + 37. Give o(19).
-20
Let n(a) = -a**2 - 13*a - 15. What is n(-12)?
-3
Let j(l) = -l**3 + 8*l**2 + 2*l. Calculate j(8).
16
Let h(t) = t**3 + 5*t**2 + 2*t - 1. Calculate h(-6).
-49
Let t(k) = k**3 - 3*k**2 - k - 23. Calculate t(0).
-23
Let o(t) = t**2 + 26*t + 14. What is o(-25)?
-11
Let w(h) = -h**3 - 27*h**2 + 56*h - 57. Determine w(-29).
1
Let s(m) = m**2 - 3*m + 9. Determine s(-3).
27
Let p(h) = -h**3 + 7*h**2 + 33*h - 33. Calculate p(10).
-3
Let n(r) = 2*r**2 + 18*r - 131. Determine n(-14).
9
Let m(c) = c**3 - 3*c**2 + 2*c - 6. Calculate m(3).
0
Let x(g) = 21*g**2 + g - 1. What is x(1)?
21
Let c(i) = -3*i**3 - i. Determine c(1).
-4
Let z(x) = -x**3 + 7*x**2 - 7*x + 9. Determine z(4).
29
Let y(g) = 2*g + 36. What is y(-15)?
6
Let l(z) = -3*z - 50. Give l(-18).
4
Let j(p) = p**3 - 6*p**2 + 10*p - 5. What is j(4)?
3
Let z(k) = -k**2 - 13*k + 64. Give z(-17).
-4
Let w(c) = -47*c - 707. Calculate w(-15).
-2
Let u(f) = 4*f**3 - f**2 + 1. Give u(-1).
-4
Let n(o) = -o**3 + 11*o**2 - 21*o - 46. Determine n(7).
3
Let i(w) = w**3 - 7*w**2 - 8*w - 1. Calculate i(8).
-1
Let h(b) = -2*b - 7. What is h(-10)?
13
Let b(g) = 4*g + 11. Determine b(-6).
-13
Let d(p) = -p**3 - 22*p**2 - 41*p - 18. Determine d(-20).
2
Let n(r) = -r**2 + 9*r - 27. Give n(7).
-13
Let q(y) = -y**3 - 17*y**2 - 6*y + 9. Determine q(-16).
-151
Let b(a) = 2*a**2 - 3. Calculate b(0).
-3
Let f(q) = 15*q**3 + 1. Determine f(1).
16
Let s(l) = -l**2 - 15. Determine s(-6).
-51
Let q(w) = -2*w**2 + 25*w - 71. What is q(4)?
-3
Let o(v) = -5*v + 224. Determine o(44).
4
Let q(v) = v**3 - 8*v**2 + 7*v - 5. Determine q(7).
-5
Let s(p) = p**3 + 8*p**2 - 8*p + 10. Give s(-9).
1
Let g(o) = -7*o - 13. What is g(0)?
-13
Let t(u) = 5*u**3 - 6*u**2 + 13*u - 7. Give t(2).
35
Let q(n) = 2*n**3 - 5*n**2 + 2*n - 3. Calculate q(4).
53
Let o(w) = -w**2 - 11*w - 47. What is o(-7)?
-19
Let w(q) = -q**2 - 10*q - 2. Calculate w(-8).
14
Let b(g) = g**3 + 6*g**2 - 7*g - 3. What is b(-7)?
-3
Let o(v) = v**3 + 29*v**2 + 23*v - 142. What is o(-28)?
-2
Let b(d) = -2*d**2 - 47*d - 19. Calculate b(-23).
4
Let a(i) = i**2 + 5*i - 15. Determine a(-4).
-19
Let h(j) = -29*j + 256. Determine h(9).
-5
Let a(q) = -15*q + 93. Calculate a(6).
3
Let s(i) = -i - 3. Calculate s(-7).
4
Let n(k) = -k**3 + 10*k**2 + 10*k + 2. What is n(11)?
-9
Let g(m) = m**2 + 6*m + 5. What is g(-6)?
5
Let h(q) = 7*q - 3. Calculate h(3).
18
Let v(n) = -7*n**2 - 17*n. What is v(-1)?
10
Let c(n) = 94*n + 10. Determine c(1).
104
Let z(u) = u - 5. Calculate z(11).
6
Let y(f) = f**3 - 7*f**2 - 8*f - 8. What is y(8)?
-8
Let q(j) = j**3 + 4*j**2 + 3*j - 5. Give q(3).
67
Let f(b) = 2*b**2 + 25*b - 10. Determine f(-13).
3
Let n(y) = -2*y - 19. Determine n(-10).
1
Let z(f) = f**3 + 10*f**2 - 3*f - 22. Give z(-10).
8
Let p(h) = h**3 - 2*h**2 + 2*h - 2. Calculate p(2).
2
Let p(a) = 3*a**2 + 15*a + 13. Determine p(-2).
-5
Let a(t) = -t**3 + 13*t**2 + 15*t + 7. Give a(14).
21
Let l(j) = -j**3 - 63*j**2 - 179*j + 62. What is l(-60)?
2
Let p(f) = -27*f - 6. Calculate p(-1).
21
Let u(r) = -r**3 + 4*r**2 - 9*r - 1. Determine u(3).
-19
Let v(l) = 2*l**2 - 3*l - 1. Calculate v(3).
8
Let x(q) = -q**3 + 3*q**2 + 3*q - 2. Give x(5).
-37
Let d(w) = w**2 + 4*w - 16. Calculate d(-6).